{"id":767,"date":"2017-10-11T20:15:19","date_gmt":"2017-10-11T17:15:19","guid":{"rendered":"https:\/\/umapido.ee\/?page_id=767"},"modified":"2017-10-11T20:15:19","modified_gmt":"2017-10-11T17:15:19","slug":"pido-2016","status":"publish","type":"page","link":"https:\/\/umapido.ee\/et\/pido-2016\/","title":{"rendered":"Pido 2016"},"content":{"rendered":"<h3>H\u00e4\u00e4d Uma Pido s\u00f5brad!<\/h3>\n<p>Juba neljal korral oleme saanud kokku omakeelsel laulu- ja rahvapeol. Esimene pidu andis hoogu j\u00e4rgmistele ja kinnitas, et omas keeles on hea laulda. Teine tegi suuremaks omakeelset ilma ja t\u00f5stis au sisse Vana V\u00f5romaa kihelkondliku vaimu. Kolmas pidu k\u00f5neles p\u00fchast V\u00f5handu j\u00f5est, koos \u00f6eldi palveid oma rahva ja maa eest ja lauldi rahvalaule. Neljas Uma Pido 28. mail 2016 P\u00f5lvas Intsikurmus l\u00e4ks s\u00fcgavale v\u00f5rokese s\u00fcdamesse ning r\u00e4\u00e4kis metsast, v\u00e4elistest puudest ja inimeste seotusest nendega.<\/p>\n<p>Iga puu on kui ilmasammas, mis kannab taevast, andes sellega meile, inimestele, ruumi elada. Ma unistasin sellest, et neljas Uma Pido paneks meid rohkem hoidma \u2013 oma inimesi, oma keelt, oma kodu, oma metsa. \u00dcksteise hoidmine hoiab ka ilmasammast kindlana, taevast k\u00f5rgel ja maailma suurena&#8230;<\/p>\n<p>Me rahva meel ja keel on seotud metsaga. Peol laulsime metsakeeles. Tegime seda k\u00f5igest s\u00fcdamest, metsikult; tegime seda nii, et kaasa laulsid ka Intsikurmu puud!<\/p>\n<p>Kristo Toots<br \/>\nIV Uma Pido lavastaja<\/p>\n<p>Uma Pido blogi: <a href=\"http:\/\/umapido.wordpress.com\" target=\"_blank\" rel=\"noopener\">http:\/\/umapido.wordpress.com<\/a><br \/>\nUma Pido FB leht: <a href=\"https:\/\/www.facebook.com\/UmaPido-278039651663\/\" target=\"_blank\" rel=\"noopener\">https:\/\/www.facebook.com\/UmaPido-278039651663\/<\/a><\/p>\n<p>P.S. Teada on juba ka V Uma Pido aeg \u2013 2. juuni 2018 V\u00f5rus.<\/p>\n","protected":false},"excerpt":{"rendered":"<p>H\u00e4\u00e4d Uma Pido s\u00f5brad! Juba neljal korral oleme saanud kokku omakeelsel laulu- ja rahvapeol. Esimene pidu andis hoogu j\u00e4rgmistele ja kinnitas, et omas keeles on hea laulda. Teine tegi suuremaks omakeelset ilma ja t\u00f5stis au sisse Vana V\u00f5romaa kihelkondliku vaimu. Kolmas pidu k\u00f5neles p\u00fchast V\u00f5handu j\u00f5est, koos \u00f6eldi palveid oma rahva ja maa eest ja [&hellip;]<\/p>\n","protected":false},"author":1,"featured_media":0,"parent":0,"menu_order":0,"comment_status":"closed","ping_status":"closed","template":"","meta":{"footnotes":""},"class_list":["post-767","page","type-page","status-publish","hentry"],"yoast_head":"<!-- This site is optimized with the Yoast SEO plugin v27.4 - https:\/\/yoast.com\/product\/yoast-seo-wordpress\/ -->\n<title>Pido 2016 - Uma Pido<\/title>\n<meta name=\"robots\" content=\"index, follow, max-snippet:-1, max-image-preview:large, max-video-preview:-1\" \/>\n<link rel=\"canonical\" href=\"https:\/\/umapido.ee\/et\/pido-2016\/\" \/>\n<meta property=\"og:locale\" content=\"et_EE\" \/>\n<meta property=\"og:type\" content=\"article\" \/>\n<meta property=\"og:title\" content=\"Pido 2016 - Uma Pido\" \/>\n<meta property=\"og:description\" content=\"H\u00e4\u00e4d Uma Pido s\u00f5brad! Juba neljal korral oleme saanud kokku omakeelsel laulu- ja rahvapeol. Esimene pidu andis hoogu j\u00e4rgmistele ja kinnitas, et omas keeles on hea laulda. Teine tegi suuremaks omakeelset ilma ja t\u00f5stis au sisse Vana V\u00f5romaa kihelkondliku vaimu. Kolmas pidu k\u00f5neles p\u00fchast V\u00f5handu j\u00f5est, koos \u00f6eldi palveid oma rahva ja maa eest ja [&hellip;]\" \/>\n<meta property=\"og:url\" content=\"https:\/\/umapido.ee\/et\/pido-2016\/\" \/>\n<meta property=\"og:site_name\" content=\"Uma Pido\" \/>\n<meta property=\"article:publisher\" content=\"https:\/\/www.facebook.com\/UmaPido-278039651663\/\" \/>\n<meta name=\"twitter:card\" content=\"summary_large_image\" \/>\n<meta name=\"twitter:label1\" content=\"Est. reading time\" \/>\n\t<meta name=\"twitter:data1\" content=\"1 minut\" \/>\n<script type=\"application\/ld+json\" class=\"yoast-schema-graph\">{\"@context\":\"https:\\\/\\\/schema.org\",\"@graph\":[{\"@type\":\"WebPage\",\"@id\":\"https:\\\/\\\/umapido.ee\\\/et\\\/pido-2016\\\/\",\"url\":\"https:\\\/\\\/umapido.ee\\\/et\\\/pido-2016\\\/\",\"name\":\"Pido 2016 - Uma Pido\",\"isPartOf\":{\"@id\":\"https:\\\/\\\/umapido.ee\\\/#website\"},\"datePublished\":\"2017-10-11T17:15:19+00:00\",\"breadcrumb\":{\"@id\":\"https:\\\/\\\/umapido.ee\\\/et\\\/pido-2016\\\/#breadcrumb\"},\"inLanguage\":\"et\",\"potentialAction\":[{\"@type\":\"ReadAction\",\"target\":[\"https:\\\/\\\/umapido.ee\\\/et\\\/pido-2016\\\/\"]}]},{\"@type\":\"BreadcrumbList\",\"@id\":\"https:\\\/\\\/umapido.ee\\\/et\\\/pido-2016\\\/#breadcrumb\",\"itemListElement\":[{\"@type\":\"ListItem\",\"position\":1,\"name\":\"Home\",\"item\":\"https:\\\/\\\/umapido.ee\\\/et\\\/\"},{\"@type\":\"ListItem\",\"position\":2,\"name\":\"Pido 2016\"}]},{\"@type\":\"WebSite\",\"@id\":\"https:\\\/\\\/umapido.ee\\\/#website\",\"url\":\"https:\\\/\\\/umapido.ee\\\/\",\"name\":\"Uma Pido\",\"description\":\"V\u00f5rokeeline laulu- ja rahvapido\",\"potentialAction\":[{\"@type\":\"SearchAction\",\"target\":{\"@type\":\"EntryPoint\",\"urlTemplate\":\"https:\\\/\\\/umapido.ee\\\/?s={search_term_string}\"},\"query-input\":{\"@type\":\"PropertyValueSpecification\",\"valueRequired\":true,\"valueName\":\"search_term_string\"}}],\"inLanguage\":\"et\"}]}<\/script>\n<!-- \/ Yoast SEO plugin. -->","yoast_head_json":{"title":"Pido 2016 - Uma Pido","robots":{"index":"index","follow":"follow","max-snippet":"max-snippet:-1","max-image-preview":"max-image-preview:large","max-video-preview":"max-video-preview:-1"},"canonical":"https:\/\/umapido.ee\/et\/pido-2016\/","og_locale":"et_EE","og_type":"article","og_title":"Pido 2016 - Uma Pido","og_description":"H\u00e4\u00e4d Uma Pido s\u00f5brad! Juba neljal korral oleme saanud kokku omakeelsel laulu- ja rahvapeol. Esimene pidu andis hoogu j\u00e4rgmistele ja kinnitas, et omas keeles on hea laulda. Teine tegi suuremaks omakeelset ilma ja t\u00f5stis au sisse Vana V\u00f5romaa kihelkondliku vaimu. Kolmas pidu k\u00f5neles p\u00fchast V\u00f5handu j\u00f5est, koos \u00f6eldi palveid oma rahva ja maa eest ja [&hellip;]","og_url":"https:\/\/umapido.ee\/et\/pido-2016\/","og_site_name":"Uma Pido","article_publisher":"https:\/\/www.facebook.com\/UmaPido-278039651663\/","twitter_card":"summary_large_image","twitter_misc":{"Est. reading time":"1 minut"},"schema":{"@context":"https:\/\/schema.org","@graph":[{"@type":"WebPage","@id":"https:\/\/umapido.ee\/et\/pido-2016\/","url":"https:\/\/umapido.ee\/et\/pido-2016\/","name":"Pido 2016 - Uma Pido","isPartOf":{"@id":"https:\/\/umapido.ee\/#website"},"datePublished":"2017-10-11T17:15:19+00:00","breadcrumb":{"@id":"https:\/\/umapido.ee\/et\/pido-2016\/#breadcrumb"},"inLanguage":"et","potentialAction":[{"@type":"ReadAction","target":["https:\/\/umapido.ee\/et\/pido-2016\/"]}]},{"@type":"BreadcrumbList","@id":"https:\/\/umapido.ee\/et\/pido-2016\/#breadcrumb","itemListElement":[{"@type":"ListItem","position":1,"name":"Home","item":"https:\/\/umapido.ee\/et\/"},{"@type":"ListItem","position":2,"name":"Pido 2016"}]},{"@type":"WebSite","@id":"https:\/\/umapido.ee\/#website","url":"https:\/\/umapido.ee\/","name":"Uma Pido","description":"V\u00f5rokeeline laulu- ja rahvapido","potentialAction":[{"@type":"SearchAction","target":{"@type":"EntryPoint","urlTemplate":"https:\/\/umapido.ee\/?s={search_term_string}"},"query-input":{"@type":"PropertyValueSpecification","valueRequired":true,"valueName":"search_term_string"}}],"inLanguage":"et"}]}},"_links":{"self":[{"href":"https:\/\/umapido.ee\/et\/wp-json\/wp\/v2\/pages\/767","targetHints":{"allow":["GET"]}}],"collection":[{"href":"https:\/\/umapido.ee\/et\/wp-json\/wp\/v2\/pages"}],"about":[{"href":"https:\/\/umapido.ee\/et\/wp-json\/wp\/v2\/types\/page"}],"author":[{"embeddable":true,"href":"https:\/\/umapido.ee\/et\/wp-json\/wp\/v2\/users\/1"}],"replies":[{"embeddable":true,"href":"https:\/\/umapido.ee\/et\/wp-json\/wp\/v2\/comments?post=767"}],"version-history":[{"count":1,"href":"https:\/\/umapido.ee\/et\/wp-json\/wp\/v2\/pages\/767\/revisions"}],"predecessor-version":[{"id":768,"href":"https:\/\/umapido.ee\/et\/wp-json\/wp\/v2\/pages\/767\/revisions\/768"}],"wp:attachment":[{"href":"https:\/\/umapido.ee\/et\/wp-json\/wp\/v2\/media?parent=767"}],"curies":[{"name":"wp","href":"https:\/\/api.w.org\/{rel}","templated":true}]}}

<h3>Hääd Uma Pido sõbrad!</h3>
<p>Juba neljal korral oleme saanud kokku omakeelsel laulu- ja rahvapeol. Esimene pidu andis hoogu järgmistele ja kinnitas, et omas keeles on hea laulda. Teine tegi suuremaks omakeelset ilma ja tõstis au sisse Vana Võromaa kihelkondliku vaimu. Kolmas pidu kõneles pühast Võhandu jõest, koos öeldi palveid oma rahva ja maa eest ja lauldi rahvalaule. Neljas Uma Pido 28. mail 2016 Põlvas Intsikurmus läks sügavale võrokese südamesse ning rääkis metsast, väelistest puudest ja inimeste seotusest nendega.</p>
<p>Iga puu on kui ilmasammas, mis kannab taevast, andes sellega meile, inimestele, ruumi elada. Ma unistasin sellest, et neljas Uma Pido paneks meid rohkem hoidma – oma inimesi, oma keelt, oma kodu, oma metsa. Üksteise hoidmine hoiab ka ilmasammast kindlana, taevast kõrgel ja maailma suurena&#8230;</p>
<p>Me rahva meel ja keel on seotud metsaga. Peol laulsime metsakeeles. Tegime seda kõigest südamest, metsikult; tegime seda nii, et kaasa laulsid ka Intsikurmu puud!</p>
<p>Kristo Toots<br />
IV Uma Pido lavastaja</p>
<p>Uma Pido blogi: <a href="http://umapido.wordpress.com" target="_blank" rel="noopener">http://umapido.wordpress.com</a><br />
Uma Pido FB leht: <a href="https://www.facebook.com/UmaPido-278039651663/" target="_blank" rel="noopener">https://www.facebook.com/UmaPido-278039651663/</a></p>
<p>P.S. Teada on juba ka V Uma Pido aeg – 2. juuni 2018 Võrus.</p>

<p>Hääd Uma Pido sõbrad! Juba neljal korral oleme saanud kokku omakeelsel laulu- ja rahvapeol. Esimene pidu andis hoogu järgmistele ja kinnitas, et omas keeles on hea laulda. Teine tegi suuremaks omakeelset ilma ja tõstis au sisse Vana Võromaa kihelkondliku vaimu. Kolmas pidu kõneles pühast Võhandu jõest, koos öeldi palveid oma rahva ja maa eest ja [&hellip;]</p>

<!-- This site is optimized with the Yoast SEO plugin v27.4 - https://yoast.com/product/yoast-seo-wordpress/ -->
<title>Pido 2016 - Uma Pido</title>
<meta name="robots" content="index, follow, max-snippet:-1, max-image-preview:large, max-video-preview:-1" />
<link rel="canonical" href="https://umapido.ee/et/pido-2016/" />
<meta property="og:locale" content="et_EE" />
<meta property="og:type" content="article" />
<meta property="og:title" content="Pido 2016 - Uma Pido" />
<meta property="og:description" content="Hääd Uma Pido sõbrad! Juba neljal korral oleme saanud kokku omakeelsel laulu- ja rahvapeol. Esimene pidu andis hoogu järgmistele ja kinnitas, et omas keeles on hea laulda. Teine tegi suuremaks omakeelset ilma ja tõstis au sisse Vana Võromaa kihelkondliku vaimu. Kolmas pidu kõneles pühast Võhandu jõest, koos öeldi palveid oma rahva ja maa eest ja [&hellip;]" />
<meta property="og:url" content="https://umapido.ee/et/pido-2016/" />
<meta property="og:site_name" content="Uma Pido" />
<meta property="article:publisher" content="https://www.facebook.com/UmaPido-278039651663/" />
<meta name="twitter:card" content="summary_large_image" />
<meta name="twitter:label1" content="Est. reading time" />
	<meta name="twitter:data1" content="1 minut" />
<script type="application/ld+json" class="yoast-schema-graph">{"@context":"https:\/\/schema.org","@graph":[{"@type":"WebPage","@id":"https:\/\/umapido.ee\/et\/pido-2016\/","url":"https:\/\/umapido.ee\/et\/pido-2016\/","name":"Pido 2016 - Uma Pido","isPartOf":{"@id":"https:\/\/umapido.ee\/#website"},"datePublished":"2017-10-11T17:15:19+00:00","breadcrumb":{"@id":"https:\/\/umapido.ee\/et\/pido-2016\/#breadcrumb"},"inLanguage":"et","potentialAction":[{"@type":"ReadAction","target":["https:\/\/umapido.ee\/et\/pido-2016\/"]}]},{"@type":"BreadcrumbList","@id":"https:\/\/umapido.ee\/et\/pido-2016\/#breadcrumb","itemListElement":[{"@type":"ListItem","position":1,"name":"Home","item":"https:\/\/umapido.ee\/et\/"},{"@type":"ListItem","position":2,"name":"Pido 2016"}]},{"@type":"WebSite","@id":"https:\/\/umapido.ee\/#website","url":"https:\/\/umapido.ee\/","name":"Uma Pido","description":"Võrokeeline laulu- ja rahvapido","potentialAction":[{"@type":"SearchAction","target":{"@type":"EntryPoint","urlTemplate":"https:\/\/umapido.ee\/?s={search_term_string}"},"query-input":{"@type":"PropertyValueSpecification","valueRequired":true,"valueName":"search_term_string"}}],"inLanguage":"et"}]}</script>
<!-- / Yoast SEO plugin. -->

Hääd Uma Pido sõbrad! Juba neljal korral oleme saanud kokku omakeelsel laulu- ja rahvapeol. Esimene pidu andis hoogu järgmistele ja kinnitas, et omas keeles on hea laulda. Teine tegi suuremaks omakeelset ilma ja tõstis au sisse Vana Võromaa kihelkondliku vaimu. Kolmas pidu kõneles pühast Võhandu jõest, koos öeldi palveid oma rahva ja maa eest ja [&hellip;]

Võrokeeline laulu- ja rahvapido
