{"id":2076,"date":"2018-11-16T11:35:50","date_gmt":"2018-11-16T09:35:50","guid":{"rendered":"https:\/\/umapido.ee\/?page_id=2076"},"modified":"2018-11-16T11:35:50","modified_gmt":"2018-11-16T09:35:50","slug":"uudised","status":"publish","type":"page","link":"https:\/\/umapido.ee\/et\/pido-2018\/uudised\/","title":{"rendered":"Uudised"},"content":{"rendered":"<p><a href=\"https:\/\/umapido.ee\/wp-content\/uploads\/2018\/11\/2018_9_e.pdf\">V Uma Pido DVDd saab esimest korda n\u00e4ha 11. novembril V\u00f5rus.<\/a><\/p>\n<p>Valmis on saanud V Uma Pido DVD ja selle esmaesitlus toimub 11. novembril 2018 V\u00f5rus, Stedingu kohvikus, Kreutzwaldi t\u00e4nav 15. <a href=\"https:\/\/umapido.ee\/wp-content\/uploads\/2018\/10\/dvdplakat.jpg\" target=\"_blank\" rel=\"noopener\" data-rel=\"lightbox-image-0\" data-rl_title=\"\" data-rl_caption=\"\" title=\"\">Vaata plakatit.<\/a><\/p>\n<p><a href=\"https:\/\/umapido.ee\/wp-content\/uploads\/2018\/06\/2018_8_e.pdf\">Umal Pidol juubeldasid tuhanded v\u00f5rokesed!<\/a><\/p>\n<p><a href=\"https:\/\/umapido.ee\/wp-content\/uploads\/2018\/05\/2018_7_e.pdf\">Uma Pido juubelipidu toob laulukaare alla rekordarvu esinejaid.<\/a> Vaata ka <a href=\"https:\/\/umapido.ee\/wp-content\/uploads\/2018\/05\/meelesp2018_e.pdf\" target=\"_blank\" rel=\"noopener\">piduletuleja meelespead<\/a> ja v\u00e4ikest <a href=\"https:\/\/umapido.ee\/wp-content\/uploads\/2018\/05\/liiklus2018_e.pdf\" target=\"_blank\" rel=\"noopener\">liikluse korralduse meelespead<\/a>.<\/p>\n<p><a href=\"https:\/\/umapido.ee\/wp-content\/uploads\/2018\/03\/2018_6_e.pdf\">Uma Pido otsib vabatahtlikke abilisi.<\/a>\u00a0Vaata ka <a href=\"https:\/\/umapido.ee\/wp-content\/uploads\/2018\/03\/2018_vabatahtlik.jpg\" data-rel=\"lightbox-image-1\" data-rl_title=\"\" data-rl_caption=\"\" title=\"\">plakatit<\/a>.<\/p>\n<p><a href=\"https:\/\/umapido.ee\/wp-content\/uploads\/2018\/03\/2018_5_e.pdf\">Emakeelep\u00e4eval valiti maailma parim v\u00f5rukeelne kaver.<\/a><\/p>\n<p><a href=\"https:\/\/umapido.ee\/wp-content\/uploads\/2018\/03\/2018_4_e.pdf\">V\u00f5rus valitakse vingeim v\u00f5rukeelne kaver.<\/a><\/p>\n<p><a href=\"https:\/\/umapido.ee\/wp-content\/uploads\/2018\/03\/2018_3_1_e.pdf\">Avatud on registreerumine Uma Pido laada m\u00fc\u00fcjatele.<\/a><\/p>\n<p><a href=\"https:\/\/umapido.ee\/wp-content\/uploads\/2018\/02\/2018_2_e.pdf\">Uma Pido ootab s\u00f6\u00f6gi-joogi pakkujaid!<\/a><\/p>\n<p><a href=\"https:\/\/umapido.ee\/wp-content\/uploads\/2018\/01\/2018_1_e1.pdf\">Uma Pido kutsub <em>miihi m\u00f5tsast<\/em> peole laulma!<\/a><\/p>\n<p><a href=\"https:\/\/umapido.ee\/wp-content\/uploads\/2017\/12\/2017_8_e.pdf\" target=\"_blank\" rel=\"noopener\">Uma Pido matkasari on toonud matkaradadele sadu huvilisi.<\/a><\/p>\n<p><a href=\"https:\/\/umapido.ee\/wp-content\/uploads\/2018\/01\/2017_7_e1.pdf\" target=\"_blank\" rel=\"noopener\">Algas konkurss maailma parima v\u00f5rukeelse kaveri leidmiseks.<\/a><br \/>\nVaata ka <a href=\"https:\/\/umapido.ee\/wp-content\/uploads\/2018\/01\/kaveri_statuut_e1.pdf\" target=\"_blank\" rel=\"noopener\">kaverikonkursi statuuti<\/a>. NB! Kontserdi aeg on muutunud!<\/p>\n<p><a href=\"https:\/\/umapido.ee\/wp-content\/uploads\/2017\/10\/nn_mm_2018_e.pdf\" target=\"_blank\" rel=\"noopener\">Uma Pido kutsub naisi nurm\u00f5st ja miihi m\u00f5tsast peole laulma!<\/a><\/p>\n<p><a href=\"https:\/\/umapido.ee\/wp-content\/uploads\/2017\/10\/2017_6_e.pdf\" target=\"_blank\" rel=\"noopener\">Uma Pido alustab matkasarja ja kooride registreerumisega peole.<\/a><br \/>\nVaata ka matkasarja <a href=\"https:\/\/umapido.ee\/wp-content\/uploads\/2017\/10\/matkaplakat.pdf\" target=\"_blank\" rel=\"noopener\">plakatit<\/a>.<\/p>\n<p><a href=\"https:\/\/umapido.ee\/wp-content\/uploads\/2017\/10\/2017_5_e.pdf\" target=\"_blank\" rel=\"noopener\">Algab kooride registreerumine V Uma Pidole!<\/a><\/p>\n<p><a href=\"https:\/\/umapido.ee\/wp-content\/uploads\/2017\/10\/2017_4_e.pdf\" target=\"_blank\" rel=\"noopener\">Viienda Uma Pido lavastab Helena Kesonen.<\/a><\/p>\n<p><a href=\"https:\/\/umapido.ee\/wp-content\/uploads\/2017\/10\/2017_3_e.pdf\" target=\"_blank\" rel=\"noopener\">Uma Pido laulukava valimisel osales ligi 500 inimest.<\/a><\/p>\n<p><a href=\"https:\/\/umapido.ee\/wp-content\/uploads\/2017\/10\/2017_2_e.pdf\" target=\"_blank\" rel=\"noopener\">Viies Uma Pido otsib lavastajat.<\/a><\/p>\n<p><a href=\"https:\/\/umapido.ee\/wp-content\/uploads\/2017\/10\/2017_1e.pdf\" target=\"_blank\" rel=\"noopener\">Viienda Uma Pido laulukava valib v\u00e4lja rahvas.<\/a> Kampaania <a href=\"https:\/\/umapido.ee\/wp-content\/uploads\/2017\/10\/lauluplakat-1.jpg\" target=\"_blank\" rel=\"noopener\" data-rel=\"lightbox-image-2\" data-rl_title=\"\" data-rl_caption=\"\" title=\"\">plakat<\/a>.<\/p>\n<p><strong>Tellida saab IV Uma Pido DVD-d!<\/strong> Film 28. mail 2016 toimunud peost on kahel plaadil:<br \/>\n&#8211; I plaadil on n\u00e4ha momente koos intervjuudega: rahvalaulud\u00f5htutest enne pidu; peop\u00e4eval olnud laadast; peokontserdi peaproovist ja peo s\u00fcmbolpillist ritsikpillist.<br \/>\n&#8211; II plaadil on peo peakontsert t\u00e4ispikkuses ja ka mitmed intervjuud simmani ajal peale kontserti.<br \/>\nDVD tutvustusklippi saab n\u00e4ha siit: <a href=\"https:\/\/www.youtube.com\/watch?v=EDrPrbEX6S0\" target=\"_blank\" rel=\"noopener\">https:\/\/www.youtube.com\/watch?v=EDrPrbEX6S0<\/a><br \/>\nDVD \u00fclesv\u00f5tmist ja filmikssaamist toetasid Kultuuriministeerium, Hasartm\u00e4ngumaksu N\u00f5ukogu ja Rahvakultuuri Keskuse Vana V\u00f5romaa kultuuriprogramm.<\/p>\n<p>Uma Pido topelt-DVD hind on 8 eurot. Tellimiseks tuleb saata kiri aadressile &#x74;&#x72;&#x69;&#x69;&#x6e;&#x75;&#x2e;&#x6c;&#x61;&#x61;&#x6e;&#x40;&#x77;&#x69;&#x2e;&#x65;&#x65;.<\/p>\n","protected":false},"excerpt":{"rendered":"<p>V Uma Pido DVDd saab esimest korda n\u00e4ha 11. novembril V\u00f5rus. Valmis on saanud V Uma Pido DVD ja selle esmaesitlus toimub 11. novembril 2018 V\u00f5rus, Stedingu kohvikus, Kreutzwaldi t\u00e4nav 15. Vaata plakatit. Umal Pidol juubeldasid tuhanded v\u00f5rokesed! Uma Pido juubelipidu toob laulukaare alla rekordarvu esinejaid. Vaata ka piduletuleja meelespead ja v\u00e4ikest liikluse korralduse meelespead. [&hellip;]<\/p>\n","protected":false},"author":1,"featured_media":0,"parent":2074,"menu_order":0,"comment_status":"closed","ping_status":"closed","template":"","meta":{"footnotes":""},"class_list":["post-2076","page","type-page","status-publish","hentry"],"yoast_head":"<!-- This site is optimized with the Yoast SEO plugin v27.4 - https:\/\/yoast.com\/product\/yoast-seo-wordpress\/ -->\n<title>Uudised - Uma Pido<\/title>\n<meta name=\"robots\" content=\"index, follow, max-snippet:-1, max-image-preview:large, max-video-preview:-1\" \/>\n<link rel=\"canonical\" href=\"https:\/\/umapido.ee\/et\/pido-2018\/uudised\/\" \/>\n<meta property=\"og:locale\" content=\"et_EE\" \/>\n<meta property=\"og:type\" content=\"article\" \/>\n<meta property=\"og:title\" content=\"Uudised - Uma Pido\" \/>\n<meta property=\"og:description\" content=\"V Uma Pido DVDd saab esimest korda n\u00e4ha 11. novembril V\u00f5rus. Valmis on saanud V Uma Pido DVD ja selle esmaesitlus toimub 11. novembril 2018 V\u00f5rus, Stedingu kohvikus, Kreutzwaldi t\u00e4nav 15. Vaata plakatit. Umal Pidol juubeldasid tuhanded v\u00f5rokesed! Uma Pido juubelipidu toob laulukaare alla rekordarvu esinejaid. Vaata ka piduletuleja meelespead ja v\u00e4ikest liikluse korralduse meelespead. [&hellip;]\" \/>\n<meta property=\"og:url\" content=\"https:\/\/umapido.ee\/et\/pido-2018\/uudised\/\" \/>\n<meta property=\"og:site_name\" content=\"Uma Pido\" \/>\n<meta property=\"article:publisher\" content=\"https:\/\/www.facebook.com\/UmaPido-278039651663\/\" \/>\n<meta name=\"twitter:card\" content=\"summary_large_image\" \/>\n<meta name=\"twitter:label1\" content=\"Est. reading time\" \/>\n\t<meta name=\"twitter:data1\" content=\"1 minut\" \/>\n<script type=\"application\/ld+json\" class=\"yoast-schema-graph\">{\"@context\":\"https:\\\/\\\/schema.org\",\"@graph\":[{\"@type\":\"WebPage\",\"@id\":\"https:\\\/\\\/umapido.ee\\\/et\\\/pido-2018\\\/uudised\\\/\",\"url\":\"https:\\\/\\\/umapido.ee\\\/et\\\/pido-2018\\\/uudised\\\/\",\"name\":\"Uudised - Uma Pido\",\"isPartOf\":{\"@id\":\"https:\\\/\\\/umapido.ee\\\/#website\"},\"datePublished\":\"2018-11-16T09:35:50+00:00\",\"breadcrumb\":{\"@id\":\"https:\\\/\\\/umapido.ee\\\/et\\\/pido-2018\\\/uudised\\\/#breadcrumb\"},\"inLanguage\":\"et\",\"potentialAction\":[{\"@type\":\"ReadAction\",\"target\":[\"https:\\\/\\\/umapido.ee\\\/et\\\/pido-2018\\\/uudised\\\/\"]}]},{\"@type\":\"BreadcrumbList\",\"@id\":\"https:\\\/\\\/umapido.ee\\\/et\\\/pido-2018\\\/uudised\\\/#breadcrumb\",\"itemListElement\":[{\"@type\":\"ListItem\",\"position\":1,\"name\":\"Home\",\"item\":\"https:\\\/\\\/umapido.ee\\\/et\\\/\"},{\"@type\":\"ListItem\",\"position\":2,\"name\":\"Pido 2018\",\"item\":\"https:\\\/\\\/umapido.ee\\\/et\\\/pido-2018\\\/\"},{\"@type\":\"ListItem\",\"position\":3,\"name\":\"Uudised\"}]},{\"@type\":\"WebSite\",\"@id\":\"https:\\\/\\\/umapido.ee\\\/#website\",\"url\":\"https:\\\/\\\/umapido.ee\\\/\",\"name\":\"Uma Pido\",\"description\":\"V\u00f5rokeeline laulu- ja rahvapido\",\"potentialAction\":[{\"@type\":\"SearchAction\",\"target\":{\"@type\":\"EntryPoint\",\"urlTemplate\":\"https:\\\/\\\/umapido.ee\\\/?s={search_term_string}\"},\"query-input\":{\"@type\":\"PropertyValueSpecification\",\"valueRequired\":true,\"valueName\":\"search_term_string\"}}],\"inLanguage\":\"et\"}]}<\/script>\n<!-- \/ Yoast SEO plugin. -->","yoast_head_json":{"title":"Uudised - Uma Pido","robots":{"index":"index","follow":"follow","max-snippet":"max-snippet:-1","max-image-preview":"max-image-preview:large","max-video-preview":"max-video-preview:-1"},"canonical":"https:\/\/umapido.ee\/et\/pido-2018\/uudised\/","og_locale":"et_EE","og_type":"article","og_title":"Uudised - Uma Pido","og_description":"V Uma Pido DVDd saab esimest korda n\u00e4ha 11. novembril V\u00f5rus. Valmis on saanud V Uma Pido DVD ja selle esmaesitlus toimub 11. novembril 2018 V\u00f5rus, Stedingu kohvikus, Kreutzwaldi t\u00e4nav 15. Vaata plakatit. Umal Pidol juubeldasid tuhanded v\u00f5rokesed! Uma Pido juubelipidu toob laulukaare alla rekordarvu esinejaid. Vaata ka piduletuleja meelespead ja v\u00e4ikest liikluse korralduse meelespead. [&hellip;]","og_url":"https:\/\/umapido.ee\/et\/pido-2018\/uudised\/","og_site_name":"Uma Pido","article_publisher":"https:\/\/www.facebook.com\/UmaPido-278039651663\/","twitter_card":"summary_large_image","twitter_misc":{"Est. reading time":"1 minut"},"schema":{"@context":"https:\/\/schema.org","@graph":[{"@type":"WebPage","@id":"https:\/\/umapido.ee\/et\/pido-2018\/uudised\/","url":"https:\/\/umapido.ee\/et\/pido-2018\/uudised\/","name":"Uudised - Uma Pido","isPartOf":{"@id":"https:\/\/umapido.ee\/#website"},"datePublished":"2018-11-16T09:35:50+00:00","breadcrumb":{"@id":"https:\/\/umapido.ee\/et\/pido-2018\/uudised\/#breadcrumb"},"inLanguage":"et","potentialAction":[{"@type":"ReadAction","target":["https:\/\/umapido.ee\/et\/pido-2018\/uudised\/"]}]},{"@type":"BreadcrumbList","@id":"https:\/\/umapido.ee\/et\/pido-2018\/uudised\/#breadcrumb","itemListElement":[{"@type":"ListItem","position":1,"name":"Home","item":"https:\/\/umapido.ee\/et\/"},{"@type":"ListItem","position":2,"name":"Pido 2018","item":"https:\/\/umapido.ee\/et\/pido-2018\/"},{"@type":"ListItem","position":3,"name":"Uudised"}]},{"@type":"WebSite","@id":"https:\/\/umapido.ee\/#website","url":"https:\/\/umapido.ee\/","name":"Uma Pido","description":"V\u00f5rokeeline laulu- ja rahvapido","potentialAction":[{"@type":"SearchAction","target":{"@type":"EntryPoint","urlTemplate":"https:\/\/umapido.ee\/?s={search_term_string}"},"query-input":{"@type":"PropertyValueSpecification","valueRequired":true,"valueName":"search_term_string"}}],"inLanguage":"et"}]}},"_links":{"self":[{"href":"https:\/\/umapido.ee\/et\/wp-json\/wp\/v2\/pages\/2076","targetHints":{"allow":["GET"]}}],"collection":[{"href":"https:\/\/umapido.ee\/et\/wp-json\/wp\/v2\/pages"}],"about":[{"href":"https:\/\/umapido.ee\/et\/wp-json\/wp\/v2\/types\/page"}],"author":[{"embeddable":true,"href":"https:\/\/umapido.ee\/et\/wp-json\/wp\/v2\/users\/1"}],"replies":[{"embeddable":true,"href":"https:\/\/umapido.ee\/et\/wp-json\/wp\/v2\/comments?post=2076"}],"version-history":[{"count":1,"href":"https:\/\/umapido.ee\/et\/wp-json\/wp\/v2\/pages\/2076\/revisions"}],"predecessor-version":[{"id":2077,"href":"https:\/\/umapido.ee\/et\/wp-json\/wp\/v2\/pages\/2076\/revisions\/2077"}],"up":[{"embeddable":true,"href":"https:\/\/umapido.ee\/et\/wp-json\/wp\/v2\/pages\/2074"}],"wp:attachment":[{"href":"https:\/\/umapido.ee\/et\/wp-json\/wp\/v2\/media?parent=2076"}],"curies":[{"name":"wp","href":"https:\/\/api.w.org\/{rel}","templated":true}]}}

<p><a href="https://umapido.ee/wp-content/uploads/2018/11/2018_9_e.pdf">V Uma Pido DVDd saab esimest korda näha 11. novembril Võrus.</a></p>
<p>Valmis on saanud V Uma Pido DVD ja selle esmaesitlus toimub 11. novembril 2018 Võrus, Stedingu kohvikus, Kreutzwaldi tänav 15. <a href="https://umapido.ee/wp-content/uploads/2018/10/dvdplakat.jpg" target="_blank" rel="noopener" data-rel="lightbox-image-0" data-rl_title="" data-rl_caption="" title="">Vaata plakatit.</a></p>
<p><a href="https://umapido.ee/wp-content/uploads/2018/06/2018_8_e.pdf">Umal Pidol juubeldasid tuhanded võrokesed!</a></p>
<p><a href="https://umapido.ee/wp-content/uploads/2018/05/2018_7_e.pdf">Uma Pido juubelipidu toob laulukaare alla rekordarvu esinejaid.</a> Vaata ka <a href="https://umapido.ee/wp-content/uploads/2018/05/meelesp2018_e.pdf" target="_blank" rel="noopener">piduletuleja meelespead</a> ja väikest <a href="https://umapido.ee/wp-content/uploads/2018/05/liiklus2018_e.pdf" target="_blank" rel="noopener">liikluse korralduse meelespead</a>.</p>
<p><a href="https://umapido.ee/wp-content/uploads/2018/03/2018_6_e.pdf">Uma Pido otsib vabatahtlikke abilisi.</a> Vaata ka <a href="https://umapido.ee/wp-content/uploads/2018/03/2018_vabatahtlik.jpg" data-rel="lightbox-image-1" data-rl_title="" data-rl_caption="" title="">plakatit</a>.</p>
<p><a href="https://umapido.ee/wp-content/uploads/2018/03/2018_5_e.pdf">Emakeelepäeval valiti maailma parim võrukeelne kaver.</a></p>
<p><a href="https://umapido.ee/wp-content/uploads/2018/03/2018_4_e.pdf">Võrus valitakse vingeim võrukeelne kaver.</a></p>
<p><a href="https://umapido.ee/wp-content/uploads/2018/03/2018_3_1_e.pdf">Avatud on registreerumine Uma Pido laada müüjatele.</a></p>
<p><a href="https://umapido.ee/wp-content/uploads/2018/02/2018_2_e.pdf">Uma Pido ootab söögi-joogi pakkujaid!</a></p>
<p><a href="https://umapido.ee/wp-content/uploads/2018/01/2018_1_e1.pdf">Uma Pido kutsub <em>miihi mõtsast</em> peole laulma!</a></p>
<p><a href="https://umapido.ee/wp-content/uploads/2017/12/2017_8_e.pdf" target="_blank" rel="noopener">Uma Pido matkasari on toonud matkaradadele sadu huvilisi.</a></p>
<p><a href="https://umapido.ee/wp-content/uploads/2018/01/2017_7_e1.pdf" target="_blank" rel="noopener">Algas konkurss maailma parima võrukeelse kaveri leidmiseks.</a><br />
Vaata ka <a href="https://umapido.ee/wp-content/uploads/2018/01/kaveri_statuut_e1.pdf" target="_blank" rel="noopener">kaverikonkursi statuuti</a>. NB! Kontserdi aeg on muutunud!</p>
<p><a href="https://umapido.ee/wp-content/uploads/2017/10/nn_mm_2018_e.pdf" target="_blank" rel="noopener">Uma Pido kutsub naisi nurmõst ja miihi mõtsast peole laulma!</a></p>
<p><a href="https://umapido.ee/wp-content/uploads/2017/10/2017_6_e.pdf" target="_blank" rel="noopener">Uma Pido alustab matkasarja ja kooride registreerumisega peole.</a><br />
Vaata ka matkasarja <a href="https://umapido.ee/wp-content/uploads/2017/10/matkaplakat.pdf" target="_blank" rel="noopener">plakatit</a>.</p>
<p><a href="https://umapido.ee/wp-content/uploads/2017/10/2017_5_e.pdf" target="_blank" rel="noopener">Algab kooride registreerumine V Uma Pidole!</a></p>
<p><a href="https://umapido.ee/wp-content/uploads/2017/10/2017_4_e.pdf" target="_blank" rel="noopener">Viienda Uma Pido lavastab Helena Kesonen.</a></p>
<p><a href="https://umapido.ee/wp-content/uploads/2017/10/2017_3_e.pdf" target="_blank" rel="noopener">Uma Pido laulukava valimisel osales ligi 500 inimest.</a></p>
<p><a href="https://umapido.ee/wp-content/uploads/2017/10/2017_2_e.pdf" target="_blank" rel="noopener">Viies Uma Pido otsib lavastajat.</a></p>
<p><a href="https://umapido.ee/wp-content/uploads/2017/10/2017_1e.pdf" target="_blank" rel="noopener">Viienda Uma Pido laulukava valib välja rahvas.</a> Kampaania <a href="https://umapido.ee/wp-content/uploads/2017/10/lauluplakat-1.jpg" target="_blank" rel="noopener" data-rel="lightbox-image-2" data-rl_title="" data-rl_caption="" title="">plakat</a>.</p>
<p><strong>Tellida saab IV Uma Pido DVD-d!</strong> Film 28. mail 2016 toimunud peost on kahel plaadil:<br />
&#8211; I plaadil on näha momente koos intervjuudega: rahvalauludõhtutest enne pidu; peopäeval olnud laadast; peokontserdi peaproovist ja peo sümbolpillist ritsikpillist.<br />
&#8211; II plaadil on peo peakontsert täispikkuses ja ka mitmed intervjuud simmani ajal peale kontserti.<br />
DVD tutvustusklippi saab näha siit: <a href="https://www.youtube.com/watch?v=EDrPrbEX6S0" target="_blank" rel="noopener">https://www.youtube.com/watch?v=EDrPrbEX6S0</a><br />
DVD ülesvõtmist ja filmikssaamist toetasid Kultuuriministeerium, Hasartmängumaksu Nõukogu ja Rahvakultuuri Keskuse Vana Võromaa kultuuriprogramm.</p>
<p>Uma Pido topelt-DVD hind on 8 eurot. Tellimiseks tuleb saata kiri aadressile &#x74;&#x72;&#x69;&#x69;&#x6e;&#x75;&#x2e;&#x6c;&#x61;&#x61;&#x6e;&#x40;&#x77;&#x69;&#x2e;&#x65;&#x65;.</p>

<p>V Uma Pido DVDd saab esimest korda näha 11. novembril Võrus. Valmis on saanud V Uma Pido DVD ja selle esmaesitlus toimub 11. novembril 2018 Võrus, Stedingu kohvikus, Kreutzwaldi tänav 15. Vaata plakatit. Umal Pidol juubeldasid tuhanded võrokesed! Uma Pido juubelipidu toob laulukaare alla rekordarvu esinejaid. Vaata ka piduletuleja meelespead ja väikest liikluse korralduse meelespead. [&hellip;]</p>

<!-- This site is optimized with the Yoast SEO plugin v27.4 - https://yoast.com/product/yoast-seo-wordpress/ -->
<title>Uudised - Uma Pido</title>
<meta name="robots" content="index, follow, max-snippet:-1, max-image-preview:large, max-video-preview:-1" />
<link rel="canonical" href="https://umapido.ee/et/pido-2018/uudised/" />
<meta property="og:locale" content="et_EE" />
<meta property="og:type" content="article" />
<meta property="og:title" content="Uudised - Uma Pido" />
<meta property="og:description" content="V Uma Pido DVDd saab esimest korda näha 11. novembril Võrus. Valmis on saanud V Uma Pido DVD ja selle esmaesitlus toimub 11. novembril 2018 Võrus, Stedingu kohvikus, Kreutzwaldi tänav 15. Vaata plakatit. Umal Pidol juubeldasid tuhanded võrokesed! Uma Pido juubelipidu toob laulukaare alla rekordarvu esinejaid. Vaata ka piduletuleja meelespead ja väikest liikluse korralduse meelespead. [&hellip;]" />
<meta property="og:url" content="https://umapido.ee/et/pido-2018/uudised/" />
<meta property="og:site_name" content="Uma Pido" />
<meta property="article:publisher" content="https://www.facebook.com/UmaPido-278039651663/" />
<meta name="twitter:card" content="summary_large_image" />
<meta name="twitter:label1" content="Est. reading time" />
	<meta name="twitter:data1" content="1 minut" />
<script type="application/ld+json" class="yoast-schema-graph">{"@context":"https:\/\/schema.org","@graph":[{"@type":"WebPage","@id":"https:\/\/umapido.ee\/et\/pido-2018\/uudised\/","url":"https:\/\/umapido.ee\/et\/pido-2018\/uudised\/","name":"Uudised - Uma Pido","isPartOf":{"@id":"https:\/\/umapido.ee\/#website"},"datePublished":"2018-11-16T09:35:50+00:00","breadcrumb":{"@id":"https:\/\/umapido.ee\/et\/pido-2018\/uudised\/#breadcrumb"},"inLanguage":"et","potentialAction":[{"@type":"ReadAction","target":["https:\/\/umapido.ee\/et\/pido-2018\/uudised\/"]}]},{"@type":"BreadcrumbList","@id":"https:\/\/umapido.ee\/et\/pido-2018\/uudised\/#breadcrumb","itemListElement":[{"@type":"ListItem","position":1,"name":"Home","item":"https:\/\/umapido.ee\/et\/"},{"@type":"ListItem","position":2,"name":"Pido 2018","item":"https:\/\/umapido.ee\/et\/pido-2018\/"},{"@type":"ListItem","position":3,"name":"Uudised"}]},{"@type":"WebSite","@id":"https:\/\/umapido.ee\/#website","url":"https:\/\/umapido.ee\/","name":"Uma Pido","description":"Võrokeeline laulu- ja rahvapido","potentialAction":[{"@type":"SearchAction","target":{"@type":"EntryPoint","urlTemplate":"https:\/\/umapido.ee\/?s={search_term_string}"},"query-input":{"@type":"PropertyValueSpecification","valueRequired":true,"valueName":"search_term_string"}}],"inLanguage":"et"}]}</script>
<!-- / Yoast SEO plugin. -->

V Uma Pido DVDd saab esimest korda näha 11. novembril Võrus. Valmis on saanud V Uma Pido DVD ja selle esmaesitlus toimub 11. novembril 2018 Võrus, Stedingu kohvikus, Kreutzwaldi tänav 15. Vaata plakatit. Umal Pidol juubeldasid tuhanded võrokesed! Uma Pido juubelipidu toob laulukaare alla rekordarvu esinejaid. Vaata ka piduletuleja meelespead ja väikest liikluse korralduse meelespead. [&hellip;]

Võrokeeline laulu- ja rahvapido
